, 73
Let s = 2 - -1. Suppose s*x = 2*n - 97, -99 = -n - n + 5*x. What are the prime factors of n?
47
Let r = 114 - 58. List the prime factors of r.
2, 7
Let f be ((-1209)/6)/(2/(-4)). What are the prime factors of f/(-52)*(-3 + -1)?
31
Let u(f) = f**3 - 5*f**2 + 4*f + 1. Let t be u(4). Let s(c) = -5 - c - 10*c - t + c**3 + 8*c**2. What are the prime factors of s(-9)?
2, 3
Let m(s) be the first derivative of s**3/3 + s**2 - 5*s - 1. Let r be m(-4). Let a = 0 + r. What are the prime factors of a?
3
Suppose -5*z + 9 = -2*z. Suppose -z*t - 4*b + 2 + 3 = 0, -16 = -4*t + 4*b. List the prime factors of t.
3
Suppose -25 + 0 = -5*q. Suppose 181 = q*s - 29. List the prime factors of s.
2, 3, 7
Let q(s) = 4 + 2*s**3 - 3*s**3 - 2*s**2 - 3*s**3 - 2*s + s. List the prime factors of q(-2).
2, 3, 5
What are the prime factors of (64/(-96))/((-4)/474)?
79
Suppose -3*i + 7 = -2*i. Let y(p) = 2*p**2 - 2*p - 3. Let l be y(3). Suppose -r = -2*w + i, l = w + 3*r - 12. List the prime factors of w.
2, 3
Let n(s) = 41*s - 3. Let g be n(-3). Let p be 1 + 2 + g/2. List the prime factors of (p/(-25))/(4/10).
2, 3
Suppose 9 = -4*d - 7. What are the prime factors of ((-8)/12)/(d/102)?
17
Suppose -2*w = -2*r + 10, -2*r + 0 = 4*w - 4. Suppose -4*c + 50 = c - r*u, 31 = c - 5*u. List the prime factors of c.
2, 3
Let m be (0 - -2)*6/4. Suppose -m*o - 2 = -26. Let h = o - 5. What are the prime factors of h?
3
Let g(l) = 50*l**2 + 1. Suppose k + 3 = 4*k. Let z be g(k). Suppose -3*o + z = 5*n, 2*n + o - 16 = 2*o. List the prime factors of n.
3
Let q be 2/(-2)*1*3. Let y be 4*(-4 + 6 + -3). What are the prime factors of y/(-6) + (-7)/q?
3
Let g(d) = 20*d**2 + 3*d. List the prime factors of g(-2).
2, 37
Let a = 33 - 13. List the prime factors of a.
2, 5
Let p = -9 + 14. Suppose -u = 3*u + 2*v - 12, 0 = p*u + v - 21. What are the prime factors of u?
5
Let q(d) = 2*d - 8. Let f be q(4). Suppose f = g - 12 - 10. List the prime factors of g.
2, 11
Let o = 76 - -12. List the prime factors of o.
2, 11
Let k = 716 - 395. What are the prime factors of k?
3, 107
List the prime factors of 72/1 + 3 - 2.
73
Suppose 1115 = -2*o + 7*o. List the prime factors of o.
223
Let m(a) = a**3 + 4*a**2 - a + 1. Let f be m(-4). Suppose -s + 28 - f = 0. What are the prime factors of s?
23
Suppose -3*i + l = 4*l - 18, 4 = -2*l. Let o be 396/16 + 2/i. Suppose -15 = -5*k + o. What are the prime factors of k?
2
Let y(l) = -27*l**3 + l**2. List the prime factors of y(-1).
2, 7
Suppose 44 = 5*h - h. Let u be 6/(-8)*4*2. Let p = h + u. List the prime factors of p.
5
Let m = -25 + 35. Let f = 13 + m. List the prime factors of f.
23
Suppose -4*a = -4 - 8. What are the prime factors of a?
3
Let c = 26 - 39. Suppose 0 = -2*t - m - 41, -3*t = -4*m + 5 + 29. Let q = c - t. List the prime factors of q.
5
Let u = 1 - -2. Suppose 0 = u*v - 5*v + 4. What are the prime factors of v?
2
Suppose 0 = 2*r + 3*r + 140. Let g = r - -54. List the prime factors of g.
2, 13
Let m(o) = 5*o**2 + 2*o - 5. Let a(f) = -4*f**2 - 2*f + 5. Let w(y) = -4*a(y) - 3*m(y). List the prime factors of w(-7).
2, 3, 5
Let s(t) = 8*t + 1. What are the prime factors of s(12)?
97
Let k(s) = 2*s + 3. Let u be k(1). Suppose 9*m - 132 = u*m. List the prime factors of m.
3, 11
List the prime factors of (-4)/(14 + 2) - (-385)/4.
2, 3
Let x(p) = p - 1. Let s be x(-3). What are the prime factors of 11/4 + (-1)/s?
3
Suppose 18*a = 20*a - 206. What are the prime factors of a?
103
List the prime factors of 1/(-1)*(-1905)/15.
127
List the prime factors of (-3 - -2)/(4/(-28)).
7
Let u(c) = 8*c**3 - 1 - 9*c**3 + 2*c**3 + 3*c**2. Suppose 4*r + 5*g = -28, -r - 14 = -0*r + 3*g. What are the prime factors of u(r)?
3
Let b(v) be the first derivative of v**2 + 4*v + 4. Let q be (1/1 + 0)*3. List the prime factors of b(q).
2, 5
Suppose 36 = 5*v + 4*c, -3*v + 0*c - c = -16. Suppose 19 = 3*i + t, -4*i - 2*t - 2*t + 28 = 0. Suppose v*q - i*q = -12. List the prime factors of q.
2, 3
Let i(x) = -x**3 - 8*x**2 - 10*x - 6. What are the prime factors of i(-7)?
3, 5
Let r(a) = -a**3 + 10*a**2 - 11*a + 9. Let c be r(9). List the prime factors of -15*6/c + 3.
13
Let x(l) = l**2 - l - 1. Let v(i) be the third derivative of -i**5/60 + i**4/4 + i**3/3 + 3*i**2. Let r(w) = v(w) + 2*x(w). List the prime factors of r(-6).
2, 3
Suppose 3*t - 3*s = -9, -3*t = -2*s + 9 - 2. What are the prime factors of (5 - t) + -5 + 7?
2
Let u(g) = -9*g + 4. What are the prime factors of u(-4)?
2, 5
What are the prime factors of (-12)/(-42) + (-1280)/(-28)?
2, 23
Let f = 3 - -2. List the prime factors of 10 - (f - (-4)/(-2)).
7
Suppose 0 = 5*d - 6 + 21. Let c = d + 7. Suppose -2*w + 18 = -c*t, -4*w - 5*t + 2*t + 69 = 0. List the prime factors of w.
3, 5
Let s(q) = -q - 4. Let b = 4 + -9. Let v be s(b). Let r = 1 + v. List the prime factors of r.
2
List the prime factors of ((-1368)/(-9))/(-2 + 4).
2, 19
Let m(f) = -2*f - 6*f - 2*f**2 + 3*f - 1. Let k be m(-4). Let q = -2 - k. What are the prime factors of q?
11
Let f be 6/(-2) - (9 + -3). Let n be 3/9 - (-111)/f. Let h = n + 21. List the prime factors of h.
3
Suppose -x = -4*o + 7, -1 = -2*o - 2*x + 5. Suppose -6*m = -o*m - 76. Let y = m + -10. List the prime factors of y.
3
What are the prime factors of (-1095)/(-9) - (-10)/(-15)?
11
Suppose -3*f + 6 = -o, 3*f - 23 = 3*o - 5. Let q = o - -19. Suppose 55 = 4*s - q. What are the prime factors of s?
17
Let k = -47 - -106. What are the prime factors of k?
59
Suppose -4*u - 5*s = -36, 5*u + 2*s - 45 = -s. List the prime factors of u.
3
List the prime factors of (-2)/(-8) + 0 + (-934)/(-8).
3, 13
Let v be -1 - (0 - 1) - 48. Let j = 80 + v. What are the prime factors of j?
2
Let y(p) = 6 + 17*p**2 - 5*p + 5*p + p - 5. Let c = 3 - 4. What are the prime factors of y(c)?
17
Let p(o) = -2*o**3 + o**2 + 3*o + 1. Let a be p(3). Let q = -18 - a. What are the prime factors of q?
17
Suppose 6*u = u. Let m be (u + (0 - -1))*5. Suppose m*h - 19 = 21. List the prime factors of h.
2
Let l(f) = -f**3 + 3*f**2 + 3*f - 2. Let a be l(3). Let m(w) = w**2 - 8*w + 5. Let b be m(a). Let n = b + 11. List the prime factors of n.
3
Let l(t) be the first derivative of -t**4/4 - 11*t**3/3 - 11*t**2/2 + 6*t + 5. Let w = -6 + -4. What are the prime factors of l(w)?
2
Let v(i) be the second derivative of i**5/20 - i**4/2 - 3*i**3/2 + 4*i**2 - 3*i. Let o be v(7). Let b = o - -12. What are the prime factors of b?
2, 3
Let a = 337 + -209. What are the prime factors of a?
2
List the prime factors of (0 + 0)/(-4) + 28.
2, 7
Let p = -72 + 153. List the prime factors of p.
3
Let l(j) = -j**3 - 6*j**2 + 7*j + 10. Suppose 26 = -4*z - 2. What are the prime factors of l(z)?
2, 5
Suppose n + 4*f = 43, 3*n + 4*f + 40 = 153. What are the prime factors of n?
5, 7
Let x = -1 + 5. Suppose r = -x*m + 19, 3*r - 3*m + 0*m + 3 = 0. What are the prime factors of r?
3
Suppose 2*a - 2 = 20. Let n = 5 - a. Let s(w) = -w**3 - 7*w**2 - 6*w + 2. List the prime factors of s(n).
2
Let h(a) = a**3 - 7*a**2 + 4*a + 10 - 1 - 5*a. Let c be h(7). What are the prime factors of 1 + 3*(3 + c)?
2
Let u(r) = -r + 1. Let g be u(4). Let w(q) be the first derivative of q**3/3 + 3*q**2/2 + 4*q - 1. What are the prime factors of w(g)?
2
Let t(h) be the second derivative of h**4/12 - 4*h**3/3 - 3*h**2 + 2*h. List the prime factors of t(10).
2, 7
Let z(m) = 2*m**2 - 26*m - 10. What are the prime factors of z(19)?
2, 109
Let g(n) = 3*n**2 + n + 1. List the prime factors of g(2).
3, 5
Let i be (10/(-15))/((-2)/(-69)). Let l = i + 16. Let b = 21 + l. List the prime factors of b.
2, 7
Let r be (2/(-3))/((-4)/6). Suppose r = 2*i - 3. Suppose 4*b = 6 + i. What are the prime factors of b?
2
Let h(z) be the second derivative of z**6/180 - z**5/40 - z**4/12 - z**3/6 + 3*z. Let q(k) be the second derivative of h(k). What are the prime factors of q(3)?
7
Let g(o) = 2*o**2 + 12*o + 10. List the prime factors of g(-8).
2, 3, 7
Suppose 0 = -2*d + x + 6, 4*d - 5 = x + 9. Let h = 47 + d. Suppose 5*c - 2*f - 75 = -7*f, -5*c + h = -f. What are the prime factors of c?
11
Suppose -13*a = -9*a + 2*l - 994, 0 = -5*a + l + 1260. List the prime factors of a.
251
Suppose -10*h + 789 = -1671. What are the prime factors of h?
2, 3, 41
Let i(r) = r**3 - 9*r**2 - 5*r + 19. List the prime factors of i(10).
3, 23
Sup